units digit of (z/(-12))/(4/42)?
7
Let o(x) = 2*x**3 + 6*x**2 - 9*x + 9. Let p be o(6). Let k be (p/18)/(2/4). Suppose -3*r + 4*g = -0*g - k, -3*g = -3*r + 72. What is the units digit of r?
9
Suppose -2*v - 5*m + 432 = 0, 2*v - m - 4*m - 432 = 0. What is the units digit of v?
6
What is the tens digit of 3 + 2 - (-5070)/6?
5
Let z(n) = -n**3 + n**2 - 2*n + 90. Let y be z(0). Let l = 164 - y. What is the units digit of l?
4
Let o be (16 - 1)*24/(-20). Let l(t) = -3*t**2 + 10*t + 7. Let h be l(4). What is the tens digit of h - 1 - (-3 + o)?
1
Suppose 4*w - 4*r = 2636, -4*w - 5*r = w - 3315. What is the tens digit of w?
6
Suppose -2*u + 1015 + 585 = 0. Suppose -2*n = 2*n - 3*f - 609, -5*n - 4*f + u = 0. What is the tens digit of n?
5
Let f = 1506 + -765. What is the hundreds digit of f?
7
Let b be 2/(-3) + (-53)/(-3). Let f = 81 + -48. Let a = f - b. What is the units digit of a?
6
Let h be (0 - -1)/((-1)/361). Let x = -230 - h. What is the hundreds digit of x?
1
Suppose -5*p + 13 + 2 = 0. What is the units digit of 52 + ((-9)/p - 0)?
9
Let i(h) = 21*h**2 - 13*h - 57. What is the hundreds digit of i(-7)?
0
Let w = 1 - 4. Let k = 21 + w. What is the tens digit of k?
1
Let h(g) = g + 2. Suppose -3*o + 0*o = 0. Let k be h(o). Suppose -2*m + k = -30. What is the tens digit of m?
1
Suppose 12021 - 3381 = 32*h. What is the units digit of h?
0
Let k(w) be the second derivative of w**3/3 - 4*w**2 - 4*w. Let g be k(7). What is the tens digit of 88/g + 4/(-6)?
1
Let d = 2474 - 1003. What is the hundreds digit of d?
4
Suppose 4*o - 2*o = -6*q + 8410, 16806 = 4*o - 2*q. What is the units digit of o?
2
Suppose 2*i + 5*f = 19, -5*i + 8 + 31 = 4*f. Suppose 212 = i*k - 54. What is the tens digit of k?
3
Let i = -2597 - -6014. What is the thousands digit of i?
3
Suppose 0 = -2*s - 3*s + 265. Let y = s + -33. Suppose -c + 0*j + y = 3*j, j = 2*c - 33. What is the units digit of c?
7
Suppose -7 + 1 = -2*t. Suppose 222 = 5*s + f + t*f, -s - 4*f + 54 = 0. Suppose 0 = -4*w + 6*w - s. What is the tens digit of w?
2
Let g = -23 - -26. Suppose -g*y - 5*t = -21, 0*y + 4*t = 3*y + 6. What is the units digit of y?
2
Suppose 4*q - 6056 = -o, -q + 6*o = 5*o - 1519. What is the tens digit of q?
1
Suppose 2*d - 4*d - 61 = -3*a, -4*d = -16. Let b = 53 - a. What is the units digit of b?
0
What is the units digit of -33 + 25 + 3/1 + 1442?
7
Suppose -6*t = -9*t. Suppose 2*m + 2*n - 84 = 0, -m + 5*n + 27 + 39 = t. What is the tens digit of m?
4
Let j be (-9)/2*8/(-6). Let p be 3/j - 135/(-6). Suppose -v = 5 - p. What is the tens digit of v?
1
Suppose 0 = 3*z + 2*z. Suppose -4*u + 82 = -d, z*d - 2*d = 2*u - 36. What is the units digit of u?
0
Let k(f) = 2*f + 1. Let u(y) = -4*y - 1. Let j(t) = -7*k(t) - 3*u(t). Let p be j(-3). Suppose -p*g - 5 = -3*g. What is the units digit of g?
5
Let z be 2/8 + 28/16. Let h(j) = 10*j - 16*j**2 + 31*j**z - 14*j**2 - 3. What is the tens digit of h(4)?
5
Let n(h) = h**3 + 2*h**2 - 16*h + 8. What is the hundreds digit of n(5)?
1
Suppose -4*y + 4*p + p = -39, p = 5*y - 33. What is the tens digit of 3 + 159/y - (-5)/(-10)?
2
Let u(g) = -16*g**3 + g**2 - 5*g - 3. Let o be u(-2). Suppose 3*j + j - k = o, 4*k = -5*j + 179. What is the units digit of j?
5
Let t = -3 - -5. Let d be 0 + t - (-125)/5. What is the tens digit of 6/d + (-318)/(-27)?
1
Let n = 77 - 77. Suppose -3*v + 78 + 42 = n. What is the tens digit of v?
4
Suppose -6 = -6*s - 18. What is the units digit of ((-12)/(s/2))/(2/5)?
0
Let c = -5 - -8. Let o = -5 + c. What is the units digit of (23/o)/(2/(-4))?
3
Suppose 10 = -2*y, -3*y - 27 = -5*b + 3. Suppose -b*o = -2*k - 150, -5*k - 21 = -3*o + 120. What is the units digit of o?
2
Let k(a) = -a**2 - 8*a + 3. Let f be k(-7). Suppose -f = -2*v - 3*v. Suppose 3*g - 105 = -3*y, 0 = -5*y - v*g + g + 155. What is the tens digit of y?
3
Let c(g) = 3*g**2 - 32 + 24 - 3*g + 13. Let a(y) = 4*y**2 - y. Let i be a(1). What is the units digit of c(i)?
3
Let v = -123 + 195. Suppose v = 2*d - 54. What is the units digit of d?
3
Suppose 4*a + 13 - 41 = 0. Let p = a + -7. Suppose p = -0*l + l - 6. What is the units digit of l?
6
Suppose 0 = 3*d + 10 + 17. Let r = -8 - d. What is the tens digit of 15 - (-1 - (0 - r))?
1
Suppose 5*i - 9891 = 6619. What is the tens digit of i?
0
Let i = -518 - -1079. What is the units digit of i?
1
Let x(h) = 4*h**3 + 3*h**2 - 21*h - 2. Let m(r) = 5*r**3 + 3*r**2 - 21*r. Let g(o) = 2*m(o) - 3*x(o). What is the units digit of g(-6)?
4
Let g(a) = -56*a + 558. What is the units digit of g(0)?
8
Suppose c = 4*z + 11, -2*c + 2 = -5*z - 8. Let m = 10 + c. What is the tens digit of 30 - 1*(m + -2)?
2
Let c(k) = -28*k + 6. Let z be c(-7). Suppose -5*f + z = -173. What is the tens digit of f?
7
Let x(i) = -i**2 - 17*i + 21. Let f be x(-19). Let t = 24 + f. What is the units digit of t?
7
Let t be 1/((12/(-8))/(-3)). Let q(w) = w + 3 + 12*w - 2. What is the units digit of q(t)?
7
Let m be (32/(-20))/(2/(-5)). Suppose 3*k = 2*k + m. Suppose d + 118 = k*i - d, i - 24 = -5*d. What is the units digit of i?
9
What is the tens digit of (-4 - 3 - 0) + 536?
2
Suppose -3*l + 21 = 4*n - 1, 0 = -5*l + 10. Let o = -1 + -2. What is the tens digit of o + n + 7 - -3?
1
Suppose -4*k - 2 + 8 = 2*g, 0 = -5*g + 15. Suppose 6*y = -k*y + 630. What is the hundreds digit of y?
1
Suppose 2*n + 9 - 25 = 0. Let y be -6 - 2/(n/(-12)). What is the units digit of (-66)/(-7) + y/7?
9
Let w = 34 - 19. Let d(i) = 2*i + 21. Let j be d(-13). Let v = w - j. What is the units digit of v?
0
Let j = 1668 + 136. What is the units digit of j?
4
Let z(c) = -3*c - 4. Let b be z(-3). Suppose -5*m = 4*x - 8, -5*m - x + b = -12. What is the tens digit of m/(-6)*(-24 - -3)?
1
Let o(l) = 43*l + 250. What is the tens digit of o(12)?
6
Let o(a) = -4*a**3 - 5*a + 3*a**2 + 3*a**3 - 9*a**2 - 7. What is the units digit of o(-8)?
1
Let o(s) be the first derivative of s**6/120 + s**5/120 + 8*s**3/3 - 4. Let y(r) be the third derivative of o(r). What is the units digit of y(2)?
4
Let w = -469 - -481. What is the tens digit of w?
1
Let x be 4*(-2 + (-120)/(-4)). Suppose g = -g + x. Suppose -15 = 2*y - w - g, -4*w = 20. What is the units digit of y?
8
Suppose 5*j - 15277 = -2*d, -j + d + 979 = -2075. What is the tens digit of j?
5
Suppose -3*n - 96 = -5*h, -48 = -h - 2*h + 5*n. Suppose 22*k - h*k - 36 = 0. What is the units digit of k?
6
Let q = 792 - 143. What is the units digit of q?
9
Let n be 7/(84/30)*(-1 + -1). Let l(i) = -3*i**3 - 2*i**2 + 8*i + 10. What is the tens digit of l(n)?
9
Let d(c) = 4*c**3 + c**2 - c. Let t be d(1). Let y(o) = 13*o**2 + 4*o + 4. Let v be y(t). Suppose 3*r + 5*x = 150, r = 6*r + x - v. What is the tens digit of r?
4
Suppose -23150 = -6*f + 10444. What is the tens digit of f?
9
Let x(b) = -b**3 - 4*b**2 + 3*b. Let t be x(-5). Suppose 0 = t*i - 8*i. Suppose -20 = -4*g - 4*z, i*z + 25 = 5*g - 2*z. What is the units digit of g?
5
Suppose 7*m - 19 = 2*m - 4*x, 4*x = 4. Let b = -26 + -16. What is the units digit of (m - 4)/(2/b)?
1
Let u = 7 + 36. Suppose -2*s - 2*a + 2 = -0, 4*a + 16 = 0. Suppose -s*t + u = -112. What is the tens digit of t?
3
Suppose 17 = p - 2*y, 2*p = -2*p - 2*y + 98. Suppose -4*h + 57 = -p. Suppose r = 6*r - h. What is the units digit of r?
4
Suppose 3 = d, -4*i - 349 = -6*i - 3*d. What is the tens digit of 2/(-10)*-1129 + 34/i?
2
Let t = 21 - 30. Let x = 21 + t. Let o = x - -15. What is the units digit of o?
7
Suppose 5*n - 909 = 1161. Suppose 55*z = 58*z - n. What is the units digit of z?
8
Let p(u) = 24*u**2 - 5*u + 42. What is the thousands digit of p(13)?
4
Let a be -2 + 4 - (7 - -3). Let z be a/(-20) - (-28)/5. Suppose 2*h = 14 + z. What is the units digit of h?
0
Let u(m) = 332*m**2 + 20*m - 48. What is the units digit of u(2)?
0
What is the hundreds digit of ((-163)/(-2) - 6)/((-3)/(-30))?
7
Suppose 2*o - 2 = 0, 5*c - 5*o + 2*o - 1052 = 0. Suppose c = 3*q - 167. What is the hundreds digit of q?
1
Let k be (-1)/(-3) - (-38)/3. Let m = -11 + k. Suppose m*q = -3*z + 7*z - 10, -12 = 4*q. What is the units digit of z?
1
Suppose 0 = 4*h + r - 385, -h - 7*r + 3*r + 100 = 0. What is the tens digit of h?
9
Suppose -4*d - w = -29, 5*w = -d - 9 + 2. Suppose 42 = -t - d. Let i = t - -88. What is the tens digit of i?
3
Let s be 2 - 22/8 - 99/12. Let o 